remainder when v is divided by i.
6
Calculate the remainder when -5*(486/45)/(6/(-8)) is divided by 25.
22
Let f(r) = r**2 - r + 32. What is the remainder when f(0) is divided by 7?
4
Let t = 46 - 24. Suppose -4*k + 2*k = -t. Calculate the remainder when 32 is divided by k.
10
Suppose m - 5*m = 4*p - 32, 4*m + 3*p = 34. Let j be (-1)/(-2) - 82/(-4). Let x = 50 - j. What is the remainder when x is divided by m?
9
Suppose -1 = 2*b - 5, -5*b - 146 = -4*h. Let i(c) be the first derivative of -c**3/3 + 11*c**2/2 - 10*c - 1. What is the remainder when h is divided by i(8)?
11
Let m be (-1)/(-1) - -22 - -1. Let y = m + -4. Let k(v) = 10*v**2 + v. What is the remainder when y is divided by k(1)?
9
Suppose 17 - 81 = -8*z. What is the remainder when 53 is divided by z?
5
Let r = -97 - -177. What is the remainder when r is divided by 28?
24
Suppose 5*h - 83 = -0*o + 4*o, o = -5*h - 2. Calculate the remainder when 1204/35 + (-2)/5 is divided by -1*(-1 + o)/2.
7
Suppose -5*p + 16 = -5*c - 24, -4*p = -c - 29. Let q(v) be the second derivative of -v**3/3 - v**2 + 3*v. Calculate the remainder when p is divided by q(-3).
3
Suppose 3*g = -18 + 6, -5*p = 2*g - 427. What is the remainder when p is divided by 18?
15
Let f(u) = -u**2 + u + 26. Let x = 18 - 13. Let i be x/(-10) - 1/(-2). Calculate the remainder when f(i) is divided by 14.
12
Let l be (7 - 10)*22/(-3). Suppose 3*t - 14 = l. What is the remainder when 34 is divided by t?
10
Calculate the remainder when 11/11*18*1 is divided by 7.
4
Calculate the remainder when 173 is divided by 8/44 + 317/11.
28
Suppose 0 = 2*t - y - 151, -127 = -3*t + 5*y + 89. Let d = -31 + t. What is the remainder when d is divided by 16?
14
Let l(g) = -16*g - 1. Calculate the remainder when l(-1) is divided by 4.
3
Let t(o) = -6*o + 1 + 0*o - 3*o**2 - 5*o**2 - o**3. What is the remainder when t(-8) is divided by (-3 - (-3 + -4)) + 13?
15
Suppose 16 = -y - 3*y. Let i be (-2)/(y*(-2)/12). Calculate the remainder when 37 is divided by (-1 + 2)*(-39)/i.
11
Let v(c) = c**3 - 4*c**2 - 3*c + 2. Let k be v(5). What is the remainder when (k/(-5))/(1/(-5)) is divided by (0 - -3) + 6 + -2?
5
Suppose 0 = 2*l - 88 - 134. Calculate the remainder when l is divided by 23.
19
Let n(a) = 18*a + 1. Let q = -15 + 26. Calculate the remainder when n(1) is divided by q.
8
Let c = -4 + 3. What is the remainder when 40 is divided by 2/c - -26 - 3?
19
Calculate the remainder when 58 is divided by (-3)/(-1) + -3 + 15.
13
Let x = 20 + 3. What is the remainder when x is divided by 6?
5
Suppose 5*h + 6 = 81. Suppose k - 4*o - 24 = 0, -h = -5*k - 0*k - o. Calculate the remainder when 13 is divided by k.
1
Let t(u) = u**3 + 5*u**2 - 3*u - 1. Let b be t(-5). Suppose 4*l = -2*z - 14, 3*l = -z + 3 - b. Let y = 16 - 15. Calculate the remainder when z is divided by y.
0
Let d = -288 + 308. Let g(i) = -i**3 - i**2 - i + 11. What is the remainder when d is divided by g(0)?
9
What is the remainder when -4 - (-5)/(15/342) is divided by 28?
26
Let x = 1 - 0. Suppose 4*b = -21 + 165. Calculate the remainder when b is divided by 17/1 + 2/x.
17
Let x(j) be the third derivative of j**5/60 + 5*j**4/24 + j**3/2 - 2*j**2. Let d be x(-5). Let c(l) = l. What is the remainder when 4 is divided by c(d)?
1
Calculate the remainder when 34 is divided by 174/30 + 4/20.
4
Let h = -27 + 4. Let w = h - -40. Calculate the remainder when 67 is divided by w.
16
Let t(q) be the first derivative of 13*q + 2 - 1/2*q**2. Calculate the remainder when t(6) is divided by 3.
1
Suppose 4 = v - 5. Let o be 3*(-6)/v + 74. Suppose 2*x - o = -2*x. What is the remainder when 52 is divided by x?
16
Suppose 0 = -y - 3*k + 2*k + 8, -2*y - 4*k = -14. Calculate the remainder when y is divided by (2/8)/(8/160).
4
Suppose 0 = r + 4*k - 15, 4 = 3*r - 4*k - 9. Suppose 3*s + 4*u - r = 31, 3*u = -2*s + 25. What is the remainder when 160/6 + 8/(-12) is divided by s?
12
Suppose 3*y - 4*y = -15. Suppose 5*v + y = 70. What is the remainder when 43 is divided by v?
10
Let f = 69 - 7. Calculate the remainder when f is divided by 16.
14
Suppose 2 = -3*l + 4*l. Suppose -3*b - 3 = 0, -x - b - l*b = 1. Suppose x*w + 26 = -4*f + 68, -2*f = -4*w - 26. What is the remainder when 21 is divided by f?
10
Suppose 0 = 3*b - 8*b - 4*a + 34, -3*a + 3 = 0. What is the remainder when 11 is divided by b?
5
Suppose -6 = -3*n + 24. Let z(k) = 15*k**2 - 1. What is the remainder when z(1) is divided by ((-16)/n)/(1/(-5))?
6
Let l = 82 + -22. Let a = l - 40. Suppose g + 893 - 931 = 0. What is the remainder when g is divided by a?
18
Let y(j) = -j - 5. Let b be y(-6). Suppose 3*l - 22 = 2*l. Suppose l = r + b. What is the remainder when r is divided by 11?
10
Let z be 4/(-18) - 22/(-18). What is the remainder when -1*z/((-3)/87) is divided by 15?
14
Suppose 3*r - 2*n = 126, -192 = -5*r - 2*n + 2. What is the remainder when 158 is divided by r?
38
Suppose 3*r - 17 = -2. Suppose -4*n = 4*s - 28, 23 = 4*n + 7. What is the remainder when r is divided by s?
2
Suppose 0 = -2*k - k + 45. What is the remainder when 69 is divided by k?
9
Suppose 0*s = -s + 3. Suppose -s*t = -104 + 17. Calculate the remainder when t is divided by 8.
5
Let i(o) = -o**3 - 6*o**2 - 4*o + 7. Let d be i(-5). Suppose 2*p = n + d*n + 59, -2*n = p - 26. Let f = 5 - -10. What is the remainder when p is divided by f?
13
Suppose -2*s = 2*a - 16, -s + 4*a = 3*s - 48. What is the remainder when 19 is divided by s?
9
Suppose -t + 4 = -15. What is the remainder when 56 is divided by t?
18
Suppose 2*h + 4*d + 56 = 0, -27 - 2 = h + 3*d. Let r be ((-228)/20)/((-2)/10). Let g = h + r. What is the remainder when g is divided by 11?
9
What is the remainder when 14/((-8)/(-4))*(1 - 0) is divided by -10*(4/10)/(-1)?
3
Suppose -3*j + 5*j = 6. Suppose p = -2*p - 2*t, -5*p = -j*t. Suppose p*c - 27 = -3*c. Calculate the remainder when 33 is divided by c.
6
Suppose 0 = 3*o + 6, -5*m = -5*o + 3*o - 14. Let a be (287/14)/((-1)/m). Let h = -27 - a. Calculate the remainder when 40 is divided by h.
12
What is the remainder when 32 is divided by 1 - (2 + -2 + -4)?
2
Let m(r) = 3*r**2 - r. Let w be m(1). Let o be (w/6)/((-3)/45). Let y = 6 + o. Calculate the remainder when 2 is divided by y.
0
Let v be 4/32*4*0. Suppose 2*j - 19 - 3 = v. Calculate the remainder when 31 is divided by j.
9
Suppose 0 = x + 5*p - 28, 0 = 4*p + 7 - 19. Calculate the remainder when 89 is divided by x.
11
Let d(z) = -4*z + 2. Suppose 0 = -l + 2*l + 15. Calculate the remainder when d(l) is divided by 16.
14
Suppose -d = -v, 0 = 4*d - 2*v + 1 - 11. Calculate the remainder when 28 is divided by d.
3
Let u(l) = 113*l. What is the remainder when u(1) is divided by 23?
21
Let y(z) = -5*z - 1. Let w = 65 + -143. Let m = -23 - w. Calculate the remainder when m is divided by y(-4).
17
Suppose 3*o = -3*a + 72, -11*o - 3*a = -14*o + 102. Let p = 16 - 6. Calculate the remainder when o is divided by p.
9
Let m = 77 - 51. Calculate the remainder when 77 is divided by m.
25
Let g(y) = y**2 - 8*y + 10. Suppose -5*j = 3*k - 0*k - 17, 5*j = 2*k + 22. Calculate the remainder when (0 - 1) + 5*j is divided by g(8).
9
Let n(s) = -3*s - 4. Let b(m) = -5*m**2 - 8*m + 1. Let a(u) = 4*u**2 + 8*u. Let o(w) = 4*a(w) + 3*b(w). Calculate the remainder when n(-3) is divided by o(-8).
2
Suppose -55 = 6*c - 7*c. Calculate the remainder when c is divided by 19.
17
Let u be 1 + (3 - (-1)/(-1)). Let o(h) = -h**2 + 2*h + 2. Let t be o(u). Calculate the remainder when 22 is divided by 6 - -3 - (2 + t).
6
What is the remainder when (27/12)/(4/384) is divided by 55?
51
Suppose -5*i = -2*i - 24. Let k = 6 - 13. Let s = 8 - k. What is the remainder when s is divided by i?
7
Let l be 6 + (-2 - (-2)/(-2)). Suppose 4*w - l*y = 11 + 16, 0 = 4*w - 2*y - 22. Calculate the remainder when w is divided by 2.
1
Let w = 1 - 1. Let x(t) = -t**2 + t - 30. Let s be x(0). What is the remainder when (s - w)*(-1)/2 is divided by 8?
7
Let m(v) = -v**3 + 7*v**2 - 8*v + 3. Calculate the remainder when ((-36)/10)/((-9)/60) is divided by m(5).
11
Let b(z) = 21*z**3 - 3*z**2 + 1. Let j be b(2). Let c = -92 + j. What is the remainder when c is divided by 34?
31
Suppose 4*k - 2*k - 98 = -3*j, j - 32 = -k. Suppose -3*m - 6 + 15 = 0. Suppose -m*h + 25 = -11. Calculate the remainder when j is 